 8 + -8)?
-47
Calculate -5 + -62 - (-51 - -4 - -32).
-52
What is the value of (76 - 54 - (3 - -10)) + 23?
32
What is the value of (-4 + 16 - 69) + 17 + 21 + -22?
-41
-2 - -25 - (46 + -69 + -5)
51
What is (1 - (1 + -6)) + 5 - 23 - 27?
-39
Evaluate (-15 - -33) + -21 + -5 + -2 - 15.
-25
What is (-1 + 0 + 12 - 2) + -127 - (1 - 11)?
-108
Evaluate -14 + (-3 - -13) + 21 + -19 - (1 - 49).
46
What is 7 - (-17 + 27) - 24 - -85?
58
What is the value of (5 - -45) + (-1206 - -1144)?
-12
Calculate -3 - (-3 + 0 + -1) - (71 + -35 - -30).
-65
Calculate 2 + (39 - (-29 - -105)).
-35
-17 + 27 + 6 + -12 + 71
75
What is the value of -1562 + 1549 + (-4 - -2) + 74?
59
Calculate -17 + 16 + 26 + 2 - (251 + -237).
13
Evaluate 1 + -4 + 15 + -14 - 41.
-43
What is the value of -67 - -6 - -17 - -115?
71
Evaluate (140 - 188) + 200 + -22.
130
Evaluate 8 - -22 - (-18 - (-16 + -20)) - 47.
-35
What is the value of (-19 - -3) + -638 + 659 + 1 + (42 - 1)?
47
Calculate (-13 - -4) + (-46 + 115 - 60).
0
(7 - (41 + -2) - -2) + (-5 - -6 - 7)
-36
Calculate -2 + -9 + (-2 - (-13 - -21)) + 61 + 10.
50
Calculate -19 - ((39 - 38) + -27 + -3).
10
What is the value of -118 + -27 - (120 - 184)?
-81
What is -33 + (2 + -37 - -33) + -15 + 0?
-50
(41 - 35) + -17 + (5 - (7 - 23))
10
Evaluate (82 - 1 - 3 - 8 - 6) + 8.
72
37 - (4 + -1) - (-7 + (-2 + 5 - -4))
34
What is -209 - -149 - (-21 - 11)?
-28
What is (-99 - -24) + 29 + 54?
8
What is the value of (1031 - 1007) + 0 + -11?
13
-2033 - -2075 - (5 + 108)
-71
What is -5 - (-31 + 62 + -64)?
28
Evaluate 191 + -275 - (16 - -2) - (0 + 0 - -11).
-113
What is the value of (-7 - (-21 + 10 + 12)) + (3 - (8 - 2))?
-11
What is the value of 6889 + -6834 + (-2 - 0)?
53
Calculate (20 - 2) + -46 - -30 - 26.
-24
Calculate -70 - (0 - ((-13 - -14) + -1)).
-70
Evaluate (-4 + 8 + -9 + 6 - -3) + 9 + 1.
14
Evaluate 27 + (3 + -11 - 14) - -1.
6
What is the value of -59 + 40 + (77 - 18)?
40
What is 11 + 0 - (-38 + (141 - 124))?
32
What is (23 - 1 - (124 - 119) - 6) + -11?
0
What is the value of (-189 - (119 - 163)) + 2 + 23?
-120
Calculate (-28 + 2 - -32) + 3 - 33.
-24
(2 - (-5 - -3 - 1)) + -15 + 6 + -2
-6
What is the value of (-28 - (-26 - -3) - (2 - 0)) + 37?
30
7 + -5 + (-994 - -1038) + (1 - 4)
43
What is -23 - (171 + -148 + -16 + 1 + -54)?
23
Evaluate (25 - -4) + (-15 - -58) + -57.
15
Evaluate -20 - ((12 - 8) + -23) - 4.
-5
Calculate 0 + -3 + 5 - (14 + (31 - 0)).
-43
What is the value of 11 + (16 + -62 + 28 + 2 - (-1 - 109))?
105
What is the value of 12 + (-19 - 34) + 39?
-2
Evaluate 102 + (-160 - -72) - (-50 - (5 + (-2 - 1))).
66
What is 3 + (9 - (-8 + 24 + -12) - 8)?
0
Evaluate -47 + -1 - ((-16 - -14) + -16 + (19 - -9)).
-58
Evaluate 9 + 27 + 0 + -20 + 20.
36
(8 - -27) + -112 - 24
-101
Evaluate -9 - -1 - (777 - 768) - -54.
37
Calculate (-8 - 74) + (-1243 - -1285).
-40
Calculate -170 + 87 - 104 - -93.
-94
What is the value of -15 + 3 + (17 + 1 + 10 + -14 - -98)?
100
What is -111 + (-3 + -1 - 1 - (186 + -207))?
-95
What is (5 + -1 - 1) + 62555 + -62474?
84
Calculate 67 - (144 + (-94 - 85)).
102
Calculate 13 + 0 + 25 + -13 + 25 - (2 - 15).
63
What is 7 - -60 - (54 - -12)?
1
What is 87 + 0 + -1 + 5 + -366 + 362?
87
What is the value of 16 - -2 - ((-13 + 16 - -7) + -7)?
15
Evaluate 3 - 4 - (23 - ((1 - 16) + 3)).
-36
Evaluate -20 + 75 + -28 + -15 - 11.
1
1 + (1 - -12) - (-48 + 27 + -15)
50
Calculate -2 - 1 - (0 + 1 + -1) - (-2259 + 2228).
28
What is 0 + (-4 - -1) + -443 + 450?
4
What is the value of (-90 - -63) + 79 - 14?
38
What is the value of -8 - ((-6 + (-3 - -1) - (167 + -124)) + -3)?
46
What is 9 + (-3 - -54 - (27 + -20 + -1 + 4))?
50
Evaluate -65 + (-203 - -90) + 21 + 3 + -2.
-156
(-8 - 35) + 2 - (-5 + -9 + 24)
-51
What is (89 - 77 - -15) + -69?
-42
-52 - (46 + -46 + (-7 - 16) + 14)
-43
(1 - 1) + (-2 - (-1 - -7)) - (-262 - -272)
-18
Calculate -6 - (21 + -29 + 3) - 5.
-6
What is (262 - 246) + ((-7 - -4) + 1 - -12)?
26
83 + 6 + (433 - 474)
48
Evaluate -41 - -1 - (-8 + -2 + 302 + -278).
-54
4 + 7 - (-53 + 40 + -25)
49
What is 214 + -207 - (31 + 5)?
-29
What is the value of -2 + (0 - 3 - -29) - -16?
40
What is the value of 15 + (-8 - -5 - -4 - 9) - (-4 - 9)?
20
Evaluate -19 + (4 - -15) + -10 - -3.
-7
Calculate -56 + 105 - 116 - -24.
-43
-2707 + 2760 + (-93 - 3)
-43
Calculate (0 - 6) + (31 - (43 - 18)) - (-40 + -7).
47
Calculate -1 + -11 + 117 + -119 + 15.
1
(19 - 33) + (-5 - (-56 + 23))
14
Evaluate 63 + -59 + -1 + 41 + -2.
42
What is the value of 5 + (-7 - 9 - 30) - -2 - -5?
-34
Calculate 12 + -34 + 20 + -7.
-9
-73 + (-213 - -256) - (1 + -58)
27
Calculate -25 + 1 + 4 + (-26 - -14) + 14 + -11.
-29
What is the value of 19 - (-49 + 47) - -36 - (16 - 0)?
41
What is -53 + (80 - (-2 - -34)) + (-63 - 1)?
-69
Evaluate 2 + -12 + -2 + 2 + (2413 - 2329).
74
What is 42 + -33 + 10 + -22 - (12 + 2 + -4)?
-13
45 - (15 - (-66 + 84))
48
Evaluate (-2 - 1 - -10) + (-49 - -32) + 28.
18
What is the value of (95 - 60) + (32 - 1) + -3?
63
Calculate 6 - (74 + -77 + 42 - 161).
128
Calculate -55 + (53 - 34) + 38.
2
What is 2 + -8 + 5 + (7 - (-18 + 11))?
13
What is the value of 72 + (-64 + 153 - 118)?
43
What is 22 + -18 - 15 - -25 - 9?
5
What is (-13 - (47 - 56)) + (4 - -2) + 0 + -2?
0
Evaluate -107 + (-57 - -59) + 192.
87
Calculate -96 - (-11 + -15 + (-6 - -6)).
-70
Calculate (-18 - -23 - -11) + -42 + -13.
-39
-7 + 34 + -20 + -33 + -8
-34
Evaluate (98 - 94) + (7 - -1) + -24 - -127.
115
Evaluate (-1265 - -1138) + (1 - (3 + -6) - 4).
-127
(77 - (-40 + 90)) + ((-4 - -12) + -6 - 11)
18
(27 + -11 - 28) + 8 - (-20 + 3 + -4)
17
Calculate (53 - -6 - (-17 + 36 - 4)) + -18.
26
Evaluate 9 - (-11 + -11 + 45).
-14
What is 73 + 7 + -27 - -27?
80
-40 + 103 + -2 + (1261 - 1221)
101
25 - 19 - -36 - (5 + -1 + -11)
49
What is the value of 8 + -16 + 13 + -11 - 66?
-72
What is the value of 29 - (-16 + 76 + 26)?
-57
What is the value of -38 + 14 + 33 + 103?
112
Calculate 1 + (40 - ((-21 - -16) + 29)).
17
Calculate -18 + 0 - (100 + -96) - -49.
27
(0 - -6 - (-86 + (65 - -14))) + 51
64
What is -69 - (-43 + 4 + -7)?
-23
What is (2 - (-8 + (-8 - -12))) + -29 + -38?
-61
What is the value of -10 + (-24 - -25) + (3 - -6) + (-1 - 27)?
-28
Evaluate 68 + -32 - (-5 + -4 + (-9 - -11)).
43
Calculate -31 + (2 + -1 + -2 - (1901 + -1909)).
-24
Calculate (0 - (0 - 28)) + (-1275 - -1320).
73
Calculate -3 + -9 - (-23 + 14) - (-11 - (17 + -6)).
19
-26 + (1 - 16 - (93 - 133)) + -11 + -68
-80
What is 169 + -145 - -15 - (116 + 0)?
-77
Calculate (-42 - -1) + (-50 - (-263 + 193)).
-21
What is the value of -87 - -2 - (-42 + (36 - (1 + -2)))?
-80
-7 - (-4 + -3 + (10 - 2) + -512 + 511)
-7
(-9 - (-43 - 59)) + -111
-18
Evaluate 47 + (-2 - -4) + 5 + -42 + (16 - -14).
42
What is the value of (-10 - 1 - (10 + -31) - 25) + (75 - 11)?
49
Evaluate (13 + 20 - (-5 + 16)) + -14 - 10.
-2
Calculate -11822 + 11846 + (-3 - (3 - -19)).
-1
Calculate (-3 - -2) + -2 + 4 + -4 - (-1187 - -1198).
-14
What is the value of (1 - 10) + 198 + -155 + (-5 - -1)?
30
-78 + 71 - (16 + (-5 - 2) + 37)
-53
What is (1 + 0 - (-37 + (-17 - -55))) + -3?
-3
What is (-46 - -24) + (9 - -17) - (-6 - 1)?
11
2 + -12 + 2 + -59 + 54 + 2
-11
11 - -1 - (-6 + 30 + -16)
4
What is the value of -15 + (-19 - -12 - -15) + 9?
2
Calculate 4 + (-13 - (-8 - -11 - 25)).
13
What is -27 - ((-1 - 48) + 21)?
1
What is -98 - (32 - (-50 - -118))?
-62
8 - (-45 + 9 + (20 - 23))
47
Evaluate -6 - (-6 - (-2 - -24 - 8 - 12)).
2
What is the value of (3 - -35) + 214 + -227 - 105?
-80
What is (-2081 - -2279) + (-4 - 78)?
116
Calculate 1 + -8 - (-28 - 19) - (-28 - -36).
32
(220 - 222) + (-13 - -7)
-8
Evaluate 21 + 23 - 6 - (-10 + 11).
37
What is the value of -2245 + 2276 + 0 + -119?
-88
Calculate 15 - 1 - (14 + -4 + (4 - -11)).
-11
-593 + 588 + 2 + (3 - -90) + -6
84
What is (-2 - 7) + 3 + 13 + -21 + 14?
0
Evaluate (34 - 7 - -8) + 29 + -118.
-54
-2 - -3 - -12 - (-57 - 47 - -95)
22
(5 + (27 - 29) - -43) + (0 - -1)
47
Calculate 39 + (-3 - 61) - 65.
-90
What is the value of -38 + (1 - (36 - 133)) - -13?
73
Calculate 7 + 3 - 24 - (23 + -10 + -14).
-13
What is the value of (-1 - 19) + (-5 + -49 - -41)?
-33
What is the value of -40 - 5 - (-11 - (2 - (9 - -1)))?
-42
(57 - (-9 - -10 - -9)) + -17
30
Evaluate (-2 - (-1 - -41)) + (701 - 684).
-25
(-7 - (-5 - 0)) + 142 - (-428 - -445)
123
Calculate -54 - (68 + -91 - 30).
-1
What 